y + f. Let d be 11 + (-10)/(-5) - 10. Calculate the greatest common factor of d and y.
3
Let p be (-24)/1*(2 + (0 - 3)). What is the greatest common factor of p and 912?
24
Let b = 13 + 1. Let u = -5 + b. Calculate the greatest common factor of u and 99.
9
Let x be 6/36 + 2/(-12). Let p be (x/1)/(-8 + 9). Suppose p = 5*k - 4*k - 18. What is the greatest common factor of k and 2?
2
Let q(c) = 3*c + 12. Let j be q(20). What is the highest common factor of 8 and j?
8
Let q be 3/30*6 + 3136/40. Suppose 0 = -4*k - h + q, -64 = -3*k + 3*h - 1. Let m be (2 + 0)*(-10)/(-4). What is the highest common factor of m and k?
5
Let z(c) = 2*c**2 + 3*c + 7. Let p be z(-3). What is the highest common divisor of p and 1296?
16
Let a be -10 + -6*(-1)/2. Let w = a + 30. Suppose -3*t = 4*n - 2*t - 733, 365 = 2*n + t. What is the highest common divisor of w and n?
23
Let w = 84 - 192. Let s = 119 + w. Calculate the highest common factor of 1 and s.
1
Suppose 37 = 4*g - 5*l, -g - 2*g + 4*l = -28. Suppose -6*w + g*w = 6. Let a = -51 - -78. What is the greatest common divisor of a and w?
3
Let i = 3 + -2. Let f = -28 - -30. Calculate the greatest common divisor of i and f.
1
Let b(t) = -8*t + 25. Let a be b(-10). What is the greatest common factor of a and 35?
35
Let x(j) = -j**2 + 8*j - 3. Let i be x(7). Let a be 14*(-3 + i) + 1. Suppose 3*d - a = 24. Calculate the highest common divisor of 65 and d.
13
Suppose h = -4*f + 6*f - 8, -3*f = -4*h - 7. What is the greatest common factor of 372 and h?
2
Suppose -6*r + 3*r + 18 = 0. Suppose -4 = -2*m - r. Let n be m/(-5) + (-114)/(-5). What is the greatest common divisor of 92 and n?
23
Let u be (-44)/(-10) + (-18)/45. Let w(c) = 23*c + 1 + 2 - 4 - 12*c. Let y be w(3). Calculate the highest common factor of y and u.
4
Let q(z) = -z - 15. Let o be q(11). Let g = -22 - o. Calculate the greatest common divisor of 12 and g.
4
Suppose 2*r - 462 + 268 = 0. What is the highest common divisor of r and 1?
1
Let w be (-5)/2*(8 - 560/50). Calculate the greatest common factor of w and 136.
8
Let j = 485 + -419. Let c(n) = n**3 + 5*n**2 - 2*n - 4. Let a be c(-5). Calculate the highest common divisor of j and a.
6
Let r = -20 - -23. Suppose 5*m + 2*d = 227, 0 = -m + r*d - 4 + 46. Let s(k) = -k**2 + 6*k + 5. Let n be s(6). What is the greatest common divisor of n and m?
5
Suppose 0 = w + 7 + 5. Let y = 18 + w. Suppose -c - 45 = -2*r, r - y*r + c + 105 = 0. Calculate the highest common divisor of r and 4.
4
Let m be (-153)/6*-2 - -2. Suppose 0 = w - u - m - 16, 0 = -4*w - 3*u + 283. Let j be (40/6)/((-56)/(-84)). What is the highest common factor of j and w?
10
Let w = -7 + 5. Suppose -k - 2*h = -5*h + 18, -2*k - 5*h - 80 = 0. Let u = w - k. What is the greatest common divisor of 42 and u?
14
Let i be 349 + 83 + (-3 - 0). What is the highest common factor of i and 156?
39
Let q be 49/21 - (2/(-6))/(-1). Suppose -q*z - 2*p + 58 = 0, -z = 4*p - 24 - 20. What is the highest common factor of 3 and z?
3
Let w = 8 - 6. Suppose t - 59 = w*f, t + 4*f - 2*f - 71 = 0. Let g be (27 - 1)/(3 + -2). Calculate the highest common factor of g and t.
13
Let b(v) = -v**2 + 10*v + 5. Let f be b(5). Suppose 4*r = -r + 40. Let u(q) = -q**2 + 10*q + 4. Let g be u(r). What is the highest common divisor of g and f?
10
Let j(k) = 9*k + 20. Let x be j(4). Calculate the highest common divisor of 7 and x.
7
Suppose 137 + 35 = 2*t - 3*d, -2*t + 176 = -4*d. Suppose 21*c - 234 = 438. What is the highest common divisor of t and c?
16
Suppose 33*x - 8*x - 241 - 659 = 0. Let d be 58/6 - (-4)/(-6). Calculate the highest common factor of d and x.
9
Let y be -4 - 53/(-6) - 1/(-6). Let r = 110 + y. What is the greatest common divisor of 23 and r?
23
Let x(t) = 7*t - 7 - 3*t + 0*t. Let v be x(5). Let c be 39/(2 - 15/9). Calculate the highest common divisor of v and c.
13
Suppose 2*t + 3*a - 476 = 0, t - 492 = -t + a. Suppose 134 + t = 7*j. What is the highest common divisor of j and 18?
18
Let m = 9 + -9. Suppose 2*t = -2*t - 4*z + 356, -3*t - 5*z + 265 = m. Calculate the greatest common divisor of 10 and t.
10
Suppose -m + 4 = -3*m + 3*u, 0 = 3*m - 2*u - 4. Let a = 1797 + -1792. Calculate the greatest common factor of a and m.
1
Let x be 10/2 + -11 + 197 + 1. What is the greatest common factor of x and 3?
3
Let r(c) = 4*c - 9. Let m be r(6). Let p = 8 - m. Let y(n) = -n + 3. Let l be y(p). Calculate the greatest common divisor of 25 and l.
5
Suppose -5*o - 54 = o. Let x = -10 - o. Let a be (x/1)/(2/(-14)). What is the highest common factor of 1 and a?
1
Let t be 3*(-867)/(-3) - -2. Calculate the highest common divisor of t and 237.
79
Suppose 77 = 8*z - 83. Suppose 2 = -3*g + 17. Suppose 3*f = k + 61, -4*f + k = -g*f + 19. Calculate the highest common factor of z and f.
20
Suppose -t - 4*t = 0. Suppose 5*m = -t*m + 60. Let r be ((-60)/m)/(1 + -2). Calculate the greatest common divisor of r and 10.
5
Let y = 152 - -475. What is the highest common factor of y and 66?
33
Let o be 9 - 3 - 1 - 1. Suppose 0 = -3*y - 1 + o. Suppose 0 = -k - y, 18 = -q + 4*q + 3*k. Calculate the greatest common divisor of q and 35.
7
Suppose -5*i - 7 = -3*t - 34, 4*i - 20 = 2*t. Suppose 24 = -i*d + 6*d. Calculate the highest common factor of d and 56.
8
Let h = 381 + -370. Calculate the greatest common factor of 9 and h.
1
Suppose 2*o - 4 = -0*o. Suppose -o*j = j - 21. Suppose -8*k - 92 = -372. Calculate the highest common factor of k and j.
7
Suppose 5*h - 648 = -v - v, -4*h - 1240 = -4*v. Suppose 3*z + 2*o + 53 - 299 = 0, -4*z + 2*o = -v. Calculate the highest common divisor of 48 and z.
16
Suppose 0 = -5*w - 17 + 52. Let o(v) = v**2 + 7*v - 2. Let m be o(-6). Let f = m - -15. What is the greatest common factor of w and f?
7
Suppose 2*o - 18 = -3*d, 2*o = -o + 5*d - 11. Let c(s) = -11*s + 11. Let r be c(-2). Calculate the greatest common divisor of r and o.
3
Let c be (-274)/(-18) + 6/(-27). Let r be -2*2/8*0. Suppose 4*w = l + 296, 4*w + r*l + 2*l = 308. What is the highest common divisor of w and c?
15
Let q(u) = -205*u + 466. Let r be q(2). Calculate the greatest common factor of r and 28.
28
Let s = 3 - 1. Suppose 4*p - 432 = s*p. Let n = 363 - p. What is the highest common factor of 21 and n?
21
Suppose 29 - 9 = -2*d. Suppose 5*k = 20, -5*h + 4*h - 4*k + 9 = 0. Let i = h - d. What is the highest common factor of i and 33?
3
Let p be 212/(4/1) - (-6 + -1). What is the greatest common factor of p and 900?
60
Suppose -52*v = -49*v - 15. Suppose 5*t = 7*t - v*x - 673, -3*x + 9 = 0. What is the greatest common factor of t and 43?
43
Suppose -5*a + 387 = -128. Suppose 47 = 2*j - 5*g, 5*j - a - 40 = 4*g. Let n = 49 - j. Calculate the highest common divisor of n and 54.
18
Suppose 35*p = -300 + 2260. What is the highest common divisor of 35 and p?
7
Suppose -245 = 6*v - 611. Calculate the greatest common divisor of 427 and v.
61
Let y be (24/18 + 0)*36. Suppose 3*s = 29 + 67. What is the highest common factor of s and y?
16
Suppose -21*q + 15*q + 1104 = 0. Let i = 85 - 62. Calculate the highest common divisor of q and i.
23
Let l(a) = a**2 - a - 2. Let d be l(3). Suppose -3*x = 3*c + 7 - 40, c = -d*x - 1. Calculate the highest common factor of 30 and c.
15
Let f(a) = 7*a**2 + 66*a - 24. Let w be f(-22). Calculate the highest common divisor of w and 8.
8
Let l(n) = -n**2 + 26. Let x be l(0). Suppose 4*v + 44 = 3*y - 12, 4*y + 2*v = 82. Suppose -24*z = -y*z - 156. Calculate the highest common factor of z and x.
13
Let b(c) = 3*c - 21. Let i be b(8). Suppose -2*j - 2 = -i*j. What is the greatest common factor of 6 and j?
2
Let b(v) = v**3 - 4*v**2 - 4*v - 3. Let p be b(5). Let m = 31 - p. Let c(x) = -52*x + 1. Let n be c(-5). Calculate the highest common factor of m and n.
29
Suppose 4*z + 2*l - 34 = 4*l, 0 = 5*z - 5*l - 35. Let b be (-292)/z - 3/(-15). Let n = b + 51. What is the greatest common factor of n and 88?
22
Let y = -1 - 106. Let j = -97 - y. What is the greatest common divisor of 1 and j?
1
Suppose -c - 538 = -4*c + 2*i, -5*i + 5 = 0. What is the highest common factor of c and 5?
5
Let m(k) = -5*k + 458. Let g be m(70). What is the greatest common factor of 27 and g?
27
Let h = 22 + 63. Let q = -287 + 304. Calculate the greatest common divisor of q and h.
17
Let c(o) = -18*o - 128. Let b b